{"id":716,"date":"2020-01-23T22:38:41","date_gmt":"2020-01-23T20:38:41","guid":{"rendered":"http:\/\/comunicacio-xarxa.recursos.uoc.edu\/?page_id=716"},"modified":"2020-02-14T11:29:23","modified_gmt":"2020-02-14T09:29:23","slug":"4-6-2-instagram","status":"publish","type":"page","link":"http:\/\/comunicacio-xarxa.recursos.uoc.edu\/es\/4-6-2-instagram\/","title":{"rendered":"4.6.2. Instagram"},"content":{"rendered":"<p>Se trata de una aplicaci\u00f3n para dispositivos m\u00f3viles (actualmente tambi\u00e9n accesible por web, aunque con limitaciones) creada en 2010 por Kevin Systrom y Mike Krieger y adquirida por Facebook en 2012. Es una de las que ha experimentado un aumento de usuarios m\u00e1s remarcable en los \u00faltimos tiempos (300 millones de usuarios a finales de 2014), coincidiendo con la generalizaci\u00f3n del uso de los tel\u00e9fonos inteligentes y las tabletas. Fue dise\u00f1ada originalmente para dispositivos iOS (iPhone, iPad, iPod Touch) y en 2012 estuvo ya disponible en Android. Permite a los usuarios tomar fotograf\u00edas y aplicar diferentes filtros y marcos: una vez realizadas, se comparten en la misma plataforma, con la opci\u00f3n de hacerlo con Twitter, Facebook, Tumblr, Flickr, Swarm o correo electr\u00f3nico. Las im\u00e1genes al principio siempre eran cuadradas (en las \u00faltimas actualizaciones se ha eliminado esta restricci\u00f3n) y se pueden editar diferentes par\u00e1metros.<\/p>\n<p style=\"text-align: center;\">Evoluci\u00f3n del logo de Instagram<\/p>\n<p style=\"text-align: center;\"><img loading=\"lazy\" class=\"alignnone wp-image-122\" src=\"\/wp-content\/uploads\/2020\/01\/20.005_039-150x150.jpg\" alt=\"\" width=\"150\" height=\"150\" \/> <img loading=\"lazy\" class=\"alignnone wp-image-124\" src=\"\/wp-content\/uploads\/2020\/01\/20.005_040-300x272.jpg\" alt=\"\" width=\"171\" height=\"155\" srcset=\"\/wp-content\/uploads\/2020\/01\/20.005_040-300x272.jpg 300w, \/wp-content\/uploads\/2020\/01\/20.005_040.jpg 640w\" sizes=\"(max-width: 171px) 100vw, 171px\" \/><\/p>\n<p>Instagram es propiamente un sitio de redes sociales, puesto que cada usuario dispone de un perfil, que incluye el avatar, el nombre de usuario, el n\u00famero de publicaciones y los usuarios que seguimos, as\u00ed como nuestros seguidores (de forma similar a Twitter). Tambi\u00e9n se pueden incorporar <em>hashtags<\/em> y una funci\u00f3n parecida al \u00abMe gusta\u00bb (en este caso, pulsando el bot\u00f3n que representa un coraz\u00f3n), as\u00ed como comentarios y enviar mensajes a otros usuarios. En 2013 se incorpora la opci\u00f3n de etiquetado en las fotos, ya habitual en Facebook.<\/p>\n<p style=\"text-align: center;\">Opciones de compartici\u00f3n en Instagram para Android<\/p>\n<p><img loading=\"lazy\" class=\"aligncenter wp-image-126 size-full\" src=\"\/wp-content\/uploads\/2020\/01\/20.005_041.jpg\" alt=\"\" width=\"482\" height=\"640\" srcset=\"\/wp-content\/uploads\/2020\/01\/20.005_041.jpg 482w, \/wp-content\/uploads\/2020\/01\/20.005_041-226x300.jpg 226w\" sizes=\"(max-width: 482px) 100vw, 482px\" \/><\/p>\n<p>Esta herramienta tiene muchas posibilidades en la comunicaci\u00f3n corporativa, ya que los usuarios juegan un papel muy importante, hasta el punto de que ha aparecido el fen\u00f3meno <em>instagramer<\/em>, una comunidad para compartir experiencias con esta aplicaci\u00f3n y a trav\u00e9s de la cual se han organizado encuentros y concursos.<\/p>\n<p><div class=\"featured featured-blue\"><p><strong>Una experiencia con Instagram<\/strong><\/p>\n<p>Escalona nos expone una experiencia con Instagram para la promoci\u00f3n tur\u00edstica:<\/p>\n<blockquote>\n<p>\u00abEn junio de 2012 el Gobierno incorpor\u00f3 el uso de Instagram en su estrategia de promoci\u00f3n tur\u00edstica con el objetivo de dar a conocer Catalu\u00f1a entre los m\u00e1s de 100 millones de usuarios que en ese momento ten\u00eda la plataforma y as\u00ed posicionarse como el primer destino tur\u00edstico de Espa\u00f1a que impulsaba una acci\u00f3n de estas caracter\u00edsticas. Su uso const\u00f3 de tres fases estrat\u00e9gicamente planteadas que un\u00edan el mundo digital con el mundo anal\u00f3gico. La primera fase era un viaje a lo largo del territorio con 11 <em>instagramers<\/em> procedentes de otros pa\u00edses e influyentes en la plataforma. \u00bfEl objetivo? Que ellos difundieran y comentaran fotograf\u00edas de los diferentes lugares que visitaron. Una acci\u00f3n que tambi\u00e9n se replic\u00f3 y visibiliz\u00f3 en otros medios sociales de los mismos <em>instagramers<\/em>. En una segunda fase, se planteaba un concurso abierto a toda la comunidad <em>instagramer<\/em> (bajo la etiqueta <em>#catalunyaexperience<\/em> con el fin de dar a conocer aspectos relevantes de la cultura catalana). Aport\u00f3 m\u00e1s de 52.000 im\u00e1genes. Y una tercera fase final trasladaba al mundo f\u00edsico las 250 fotograf\u00edas del concurso que hab\u00edan sido premiadas con una exposici\u00f3n en el Palau Robert. Un claro ejemplo de c\u00f3mo conocer las posibilidades de los medios sociales y saber integrarlos en estrategias globales con la implicaci\u00f3n de los usuarios \u2013sus grandes protagonistes\u2013 puede ser un buen ejercicio de visibilidad\u00bb.<\/p>\n<\/blockquote>\n<div class=\"blockquote-author\"><p>(Escalona 2014, p\u00e1g. 150 y ss.)<\/p>\n<\/div>\n<p>\n<\/div><br \/>\nEn conclusi\u00f3n, aunque Instagram tiene principalmente un uso l\u00fadico y es muy empleada para experimentar con las im\u00e1genes, puede ser implementada de acuerdo con una estrategia comunicativa que integre la promoci\u00f3n de la propia marca o de las organizaciones a trav\u00e9s de la fuerza del material gr\u00e1fico. Adem\u00e1s, hay que aprovechar el empuje que ha logrado en los \u00faltimos tiempos.<\/p>\n","protected":false},"excerpt":{"rendered":"<p>Se trata de una aplicaci\u00f3n para dispositivos m\u00f3viles (actualmente tambi\u00e9n accesible por web, aunque con limitaciones) creada en 2010 por Kevin Systrom y Mike Krieger y adquirida por Facebook en 2012. Es una de las que ha experimentado un aumento de usuarios m\u00e1s remarcable en los \u00faltimos tiempos (300 millones de usuarios a finales de [&hellip;]<\/p>\n","protected":false},"author":2,"featured_media":0,"parent":0,"menu_order":0,"comment_status":"closed","ping_status":"closed","template":"","meta":[],"_links":{"self":[{"href":"http:\/\/comunicacio-xarxa.recursos.uoc.edu\/es\/wp-json\/wp\/v2\/pages\/716"}],"collection":[{"href":"http:\/\/comunicacio-xarxa.recursos.uoc.edu\/es\/wp-json\/wp\/v2\/pages"}],"about":[{"href":"http:\/\/comunicacio-xarxa.recursos.uoc.edu\/es\/wp-json\/wp\/v2\/types\/page"}],"author":[{"embeddable":true,"href":"http:\/\/comunicacio-xarxa.recursos.uoc.edu\/es\/wp-json\/wp\/v2\/users\/2"}],"replies":[{"embeddable":true,"href":"http:\/\/comunicacio-xarxa.recursos.uoc.edu\/es\/wp-json\/wp\/v2\/comments?post=716"}],"version-history":[{"count":10,"href":"http:\/\/comunicacio-xarxa.recursos.uoc.edu\/es\/wp-json\/wp\/v2\/pages\/716\/revisions"}],"predecessor-version":[{"id":1117,"href":"http:\/\/comunicacio-xarxa.recursos.uoc.edu\/es\/wp-json\/wp\/v2\/pages\/716\/revisions\/1117"}],"wp:attachment":[{"href":"http:\/\/comunicacio-xarxa.recursos.uoc.edu\/es\/wp-json\/wp\/v2\/media?parent=716"}],"curies":[{"name":"wp","href":"https:\/\/api.w.org\/{rel}","templated":true}]}}

<p>Se trata de una aplicación para dispositivos móviles (actualmente también accesible por web, aunque con limitaciones) creada en 2010 por Kevin Systrom y Mike Krieger y adquirida por Facebook en 2012. Es una de las que ha experimentado un aumento de usuarios más remarcable en los últimos tiempos (300 millones de usuarios a finales de 2014), coincidiendo con la generalización del uso de los teléfonos inteligentes y las tabletas. Fue diseñada originalmente para dispositivos iOS (iPhone, iPad, iPod Touch) y en 2012 estuvo ya disponible en Android. Permite a los usuarios tomar fotografías y aplicar diferentes filtros y marcos: una vez realizadas, se comparten en la misma plataforma, con la opción de hacerlo con Twitter, Facebook, Tumblr, Flickr, Swarm o correo electrónico. Las imágenes al principio siempre eran cuadradas (en las últimas actualizaciones se ha eliminado esta restricción) y se pueden editar diferentes parámetros.</p>
<p style="text-align: center;">Evolución del logo de Instagram</p>
<p style="text-align: center;"><img loading="lazy" class="alignnone wp-image-122" src="/wp-content/uploads/2020/01/20.005_039-150x150.jpg" alt="" width="150" height="150" /> <img loading="lazy" class="alignnone wp-image-124" src="/wp-content/uploads/2020/01/20.005_040-300x272.jpg" alt="" width="171" height="155" srcset="/wp-content/uploads/2020/01/20.005_040-300x272.jpg 300w, /wp-content/uploads/2020/01/20.005_040.jpg 640w" sizes="(max-width: 171px) 100vw, 171px" /></p>
<p>Instagram es propiamente un sitio de redes sociales, puesto que cada usuario dispone de un perfil, que incluye el avatar, el nombre de usuario, el número de publicaciones y los usuarios que seguimos, así como nuestros seguidores (de forma similar a Twitter). También se pueden incorporar <em>hashtags</em> y una función parecida al «Me gusta» (en este caso, pulsando el botón que representa un corazón), así como comentarios y enviar mensajes a otros usuarios. En 2013 se incorpora la opción de etiquetado en las fotos, ya habitual en Facebook.</p>
<p style="text-align: center;">Opciones de compartición en Instagram para Android</p>
<p><img loading="lazy" class="aligncenter wp-image-126 size-full" src="/wp-content/uploads/2020/01/20.005_041.jpg" alt="" width="482" height="640" srcset="/wp-content/uploads/2020/01/20.005_041.jpg 482w, /wp-content/uploads/2020/01/20.005_041-226x300.jpg 226w" sizes="(max-width: 482px) 100vw, 482px" /></p>
<p>Esta herramienta tiene muchas posibilidades en la comunicación corporativa, ya que los usuarios juegan un papel muy importante, hasta el punto de que ha aparecido el fenómeno <em>instagramer</em>, una comunidad para compartir experiencias con esta aplicación y a través de la cual se han organizado encuentros y concursos.</p>
<p><div class="featured featured-blue"><p><strong>Una experiencia con Instagram</strong></p>
<p>Escalona nos expone una experiencia con Instagram para la promoción turística:</p>
<blockquote>
<p>«En junio de 2012 el Gobierno incorporó el uso de Instagram en su estrategia de promoción turística con el objetivo de dar a conocer Cataluña entre los más de 100 millones de usuarios que en ese momento tenía la plataforma y así posicionarse como el primer destino turístico de España que impulsaba una acción de estas características. Su uso constó de tres fases estratégicamente planteadas que unían el mundo digital con el mundo analógico. La primera fase era un viaje a lo largo del territorio con 11 <em>instagramers</em> procedentes de otros países e influyentes en la plataforma. ¿El objetivo? Que ellos difundieran y comentaran fotografías de los diferentes lugares que visitaron. Una acción que también se replicó y visibilizó en otros medios sociales de los mismos <em>instagramers</em>. En una segunda fase, se planteaba un concurso abierto a toda la comunidad <em>instagramer</em> (bajo la etiqueta <em>#catalunyaexperience</em> con el fin de dar a conocer aspectos relevantes de la cultura catalana). Aportó más de 52.000 imágenes. Y una tercera fase final trasladaba al mundo físico las 250 fotografías del concurso que habían sido premiadas con una exposición en el Palau Robert. Un claro ejemplo de cómo conocer las posibilidades de los medios sociales y saber integrarlos en estrategias globales con la implicación de los usuarios –sus grandes protagonistes– puede ser un buen ejercicio de visibilidad».</p>
</blockquote>
<div class="blockquote-author"><p>(Escalona 2014, pág. 150 y ss.)</p>
</div>
<p>
</div><br />
En conclusión, aunque Instagram tiene principalmente un uso lúdico y es muy empleada para experimentar con las imágenes, puede ser implementada de acuerdo con una estrategia comunicativa que integre la promoción de la propia marca o de las organizaciones a través de la fuerza del material gráfico. Además, hay que aprovechar el empuje que ha logrado en los últimos tiempos.</p>

<p>Se trata de una aplicación para dispositivos móviles (actualmente también accesible por web, aunque con limitaciones) creada en 2010 por Kevin Systrom y Mike Krieger y adquirida por Facebook en 2012. Es una de las que ha experimentado un aumento de usuarios más remarcable en los últimos tiempos (300 millones de usuarios a finales de [&hellip;]</p>
